 - 13/(-1). Calculate the highest common factor of p and m.
14
Suppose 9*g + 57 - 372 = 0. What is the greatest common factor of g and 10?
5
Suppose 64*y + 12 = 65*y. What is the greatest common divisor of 468 and y?
12
Suppose 0 = z - 3 + 2, -3*t - 2*z + 530 = 0. Calculate the greatest common factor of 64 and t.
16
Let b be 11 + 107 + 12/(-2*1). Calculate the highest common factor of 49 and b.
7
Let g = 36 - 28. Let y be (g/12)/(4/54). Suppose -y*r - 144 + 441 = 0. What is the highest common divisor of r and 11?
11
Suppose -22*m = -14 - 294. What is the highest common divisor of 693 and m?
7
Suppose 4*o = o + 24. Suppose 2*z - d - 8 = 0, -4*z + 5*d + 0*d + 28 = 0. Suppose 0 = -w + 18 + z. What is the highest common divisor of w and o?
4
Let a = -675 + 646. Let i be (-2)/(-4) - 69/(-2). Let n = i + a. Calculate the greatest common divisor of n and 54.
6
Let o be (-6)/(-4)*(-12)/(-9). Suppose a - 15 = -o*r, 4*r = 4*a - 0*r. Suppose 5*p - 90 = a. Calculate the highest common divisor of 133 and p.
19
Let o = -184 + 439. Calculate the greatest common divisor of o and 51.
51
Let f = -29 - -77. Suppose 0 = 2*x + 5*k - 94, 0*x = -x - 3*k + f. Calculate the highest common factor of x and 63.
21
Let l be (-580)/(-6) - 12/18. Suppose m = -3*m + l. Calculate the highest common factor of m and 18.
6
Let h(o) = -2*o**2 + 42*o - 26. Let f be h(20). Suppose -4*i = z - 55, -67 = -4*i - i - 3*z. Calculate the greatest common factor of f and i.
14
Suppose -33 - 9 = -2*q. What is the highest common divisor of q and 231?
21
Suppose 5*y + 3*v = 8 + 7, -5*y + 15 = -2*v. Let b be (y*(3 + 22))/1. Calculate the greatest common factor of b and 30.
15
Let t = 309 - 267. Calculate the highest common factor of t and 238.
14
Let k(j) = -2*j**3 - 26*j**2 + 4*j - 17. Let i be k(-13). Let s be (-3)/((2 - i/(-30))*2). Calculate the greatest common factor of s and 80.
5
Let o = 23 - 24. Let p be -4 - (-3 + o) - 3. Let w be p + (-7 - -4) + 7. What is the highest common factor of 2 and w?
1
Let p(r) = 19*r + 656. Let k be p(-34). Calculate the highest common divisor of 1690 and k.
10
Suppose -5*w + 5*a + 285 = 0, w + 5*a + 61 = 2*w. Let z be 15 + 4 + -10 + (-4 - -3). What is the highest common factor of w and z?
8
Let v = 1360 + -659. Suppose -4*z = 3*k - v - 103, 4 = -k. Suppose -l = -5*l - 4*g + z, 3*l - 163 = -5*g. Calculate the highest common factor of 115 and l.
23
Suppose -u = -5*k - 6*u - 5, 0 = 5*k - u - 19. Let p be k - ((2 - -1) + -1). Suppose -p = -2*r + 13. What is the highest common divisor of 35 and r?
7
Suppose u = 3*x - 1, 0 = x - 5*x + 20. Let d(j) = -2*j - 1. Let o be d(-4). Calculate the greatest common divisor of u and o.
7
Let m be (16 - 1)/(-3) - (-25)/1. Calculate the highest common factor of 44 and m.
4
Let w = -32 + 56. Let q be -216*(-12)/54*3. What is the highest common divisor of w and q?
24
Let p be 10/120*-6 - (-81)/2. Calculate the greatest common divisor of 50 and p.
10
Suppose -49*f = -42*f - 210. What is the highest common factor of f and 9?
3
Suppose 10 = 4*t + t, -3*g = -4*t - 34. Calculate the greatest common divisor of g and 203.
7
Let b(g) = g**2 - 11*g - 6. Let f be b(11). Let x be (f/(-1))/((-6)/(-27)). Let r be (x/6)/((-3)/(-8)). What is the highest common factor of 48 and r?
12
Let l(c) = -c - 1. Let d be l(-5). Suppose d + 14 = 2*k. Suppose 38*u = 44*u - 162. Calculate the highest common divisor of u and k.
9
Suppose 4*r - 60 = -0*r. Suppose -113 = -4*m + r. Calculate the greatest common factor of 4 and m.
4
Let t = -7107 - -7133. Let s(m) = -19*m + 3. Let l be s(-6). Calculate the greatest common divisor of l and t.
13
Let x = -270 - -278. What is the highest common divisor of x and 296?
8
Let z = -1339 + 1367. Let y(i) = i**2 - 3*i + 4. Let p be y(3). Calculate the highest common divisor of z and p.
4
Suppose 1536 = 3*i - 3*l, i + 5*l - 502 = 4*l. Calculate the highest common divisor of i and 39.
39
Suppose -y - 14 = -r + 2*y, -r = y + 2. Suppose z - 53 = -r*l, -3*l + 62 = -l + 4*z. Calculate the greatest common divisor of l and 200.
25
Let x be 110/20 - (-1)/2. Suppose -2*g + 7*g + 10 = 0. Let i = x - g. What is the greatest common factor of i and 32?
8
Let n(f) = -f**3 - 5*f**2 + 14*f + 4. Let h be n(-7). Suppose -20 = -2*x - 3*x. What is the greatest common factor of x and h?
4
Suppose -2*p - 32 = -4*p. Let f = 252 + -244. Calculate the highest common factor of p and f.
8
Suppose -x + 0 = -15. Let l = x - 6. Let a be (5 - 1)/(-2) + (-24)/(-8). What is the greatest common divisor of l and a?
1
Let a = -26 - -31. Suppose a*u = 2*u + 63. Suppose 2*y - 373 = -4*b + 221, -4*b = -4*y - 576. Calculate the highest common factor of b and u.
21
Suppose -3*o + 558 = -3*i, i = -31*o + 27*o + 744. What is the highest common factor of o and 124?
62
Suppose b + 3*b = 12. Suppose 0*k - 5 = -k + x, 4*k - b*x - 17 = 0. Let d = 2 + k. What is the highest common factor of d and 1?
1
Suppose 5 = h + 3*i, h - 4*i - 18 = 8. Calculate the greatest common factor of 189 and h.
7
Suppose -4*z + 2*s = -3*z - 28, z - 8 = -2*s. Calculate the greatest common factor of z and 153.
9
Let h(v) = -2 - 10*v - v**2 - 7*v + 8*v. Let z be h(-7). What is the greatest common divisor of 4 and z?
4
Let p(f) = -f**3 - 6*f**2 + 12*f + 61. Let u be p(-12). Calculate the greatest common divisor of u and 11.
11
Let u = 67 - 37. Let v(c) be the first derivative of c**4/4 - 8*c**3/3 - 9*c**2/2 + 12*c - 2. Let j be v(9). What is the highest common factor of j and u?
6
Let h be 9 - (7 + -1) - (-7 + -95). What is the greatest common divisor of 30 and h?
15
Let m(i) = 14 + 1 - i - 2 + 6. Let u be m(10). Let w = -93 - -156. What is the greatest common factor of w and u?
9
Let t = 5474 + -2018. What is the greatest common factor of t and 54?
54
Suppose -2*t + 56 = c, -t = 1 - 6. Calculate the greatest common factor of c and 46.
46
Let a be (-838124)/(-1332) - 4/18. What is the highest common divisor of a and 68?
17
Let w be (-992)/(-8)*(-30)/(-5). What is the highest common divisor of 279 and w?
93
Let k = 1699 - 1689. Calculate the highest common divisor of 1910 and k.
10
Let z(o) = 10*o**2 - 3*o + 3. Let j be z(1). Let a = j - -18. Calculate the greatest common factor of 14 and a.
14
Suppose 62 - 44 = j. Calculate the greatest common divisor of 90 and j.
18
Let s(v) = v**2 + 14*v + 38. Let p be s(-11). Let l be 5 - (-65)/p - 1. Calculate the greatest common factor of 34 and l.
17
Let f be (2 + 28)*4*18/48. Let x be (-18)/(-2) - (0 - 0). What is the highest common divisor of f and x?
9
Suppose 64 = -0*x - 3*x - 2*m, 2*m + 10 = 0. Let w be 1*((-2)/(-3) + (-636)/x). What is the greatest common divisor of 9 and w?
9
Suppose -47*a = -24*a - 2691. What is the greatest common divisor of a and 91?
13
Suppose 4*t - 239 = 44*d - 47*d, -290 = -5*t - 2*d. What is the highest common factor of 2716 and t?
28
Suppose 4*k = d - 102, 5*d - 438 = -3*k - k. Let y = d - 56. Let x = y + -26. What is the highest common factor of 32 and x?
8
Let t(x) = x + 8. Let g be t(8). Let u be ((-4)/g - 2)*-28. What is the highest common factor of 7 and u?
7
Let i = -9 + 9. Suppose i = 3*q - 8*q + 85. Calculate the highest common factor of q and 153.
17
Suppose -2*f - i = -6, 4*f + 3*i + 75 - 87 = 0. Let p be 11*2 + (0 - 1). What is the greatest common divisor of p and f?
3
Suppose -4*s = z - 79, -41 = 2*s - 3*s + 4*z. Let n = 34 - s. What is the highest common factor of 65 and n?
13
Suppose 0 = -6*a + 3*a - 27. Let u = a + 33. Calculate the greatest common factor of u and 32.
8
Let m(h) be the second derivative of -1/12*h**4 - 2*h**2 + 11/6*h**3 + 0 - 4*h. Let t be m(7). Calculate the highest common divisor of 6 and t.
6
Suppose -5*r = -3*f + 53, -2*r + 46 = 4*f - 2*f. Let p(s) = -s**3 - s**2 - s + 14. Let j be p(0). Calculate the highest common factor of j and f.
7
Suppose -4*m = m - 15. Let r(u) = u**3 - u**2 + 2*u - 4. Let f be r(m). Calculate the greatest common factor of 50 and f.
10
Let f(g) = -60*g - 1. Let s be f(-1). Let q = s - 38. Let n = q + -4. What is the highest common factor of 85 and n?
17
Let m(u) = -u**3 - u - 18. Let c be m(-3). Suppose -2 - 13 = -5*j. Calculate the highest common factor of j and c.
3
Let k be (-1 - 4)/(1/(-7)). Suppose 2*y - 5*l - 176 - 409 = 0, -5*y - l + 1395 = 0. Calculate